{"id":859,"date":"2025-10-28T14:33:45","date_gmt":"2025-10-28T14:33:45","guid":{"rendered":"https:\/\/solelunabeautycenter.it\/wordpress\/about\/"},"modified":"2025-10-28T14:35:10","modified_gmt":"2025-10-28T14:35:10","slug":"about","status":"publish","type":"page","link":"https:\/\/solelunabeautycenter.it\/wordpress\/about\/","title":{"rendered":"About"},"content":{"rendered":"\n<div class=\"wp-block-uagb-container uagb-layout-grid uagb-block-0b4fe1fa alignfull uagb-is-root-container\"><div class=\"uagb-container-inner-blocks-wrap\">\n<div class=\"wp-block-uagb-advanced-heading uagb-block-c537b339\"><div class=\"uagb-separator\"><\/div><h1 class=\"uagb-heading-text\">Chi Siamo<\/h1><\/div>\n<\/div><\/div>\n\n\n\n<div class=\"wp-block-uagb-container uagb-block-4062d932 alignfull uagb-is-root-container\"><div class=\"uagb-container-inner-blocks-wrap\">\n<div class=\"wp-block-uagb-container uagb-layout-flex uagb-block-188bf86b\">\n<div class=\"wp-block-uagb-image aligncenter uagb-block-a74814ac wp-block-uagb-image--layout-default wp-block-uagb-image--effect-static wp-block-uagb-image--align-center\"><figure class=\"wp-block-uagb-image__figure\"><img loading=\"lazy\" decoding=\"async\" srcset=\"https:\/\/solelunabeautycenter.it\/wordpress\/wp-content\/uploads\/2025\/10\/pexels-photo-4246109.jpeg ,https:\/\/solelunabeautycenter.it\/wordpress\/wp-content\/uploads\/2025\/10\/pexels-photo-4246109.jpeg 780w, https:\/\/solelunabeautycenter.it\/wordpress\/wp-content\/uploads\/2025\/10\/pexels-photo-4246109.jpeg 360w\" sizes=\"auto, (max-width: 480px) 150px\" src=\"https:\/\/solelunabeautycenter.it\/wordpress\/wp-content\/uploads\/2025\/10\/pexels-photo-4246109.jpeg\" alt=\"Man using packing tape to seal a cardboard box indoors. Ideal for moving or shipping concepts.\" class=\"uag-image-9\" width=\"300\" height=\"300\" title=\"about-01\" loading=\"lazy\" role=\"img\"\/><\/figure><\/div>\n<\/div>\n\n\n\n<div class=\"wp-block-uagb-container uagb-block-58485396\">\n<div class=\"wp-block-uagb-advanced-heading uagb-block-38c491c3\"><div class=\"uagb-separator\"><\/div><h2 class=\"uagb-heading-text\">Affidabilit\u00e0 e professionalit\u00e0 nei traslochi<\/h2><p class=\"uagb-desc-text\">Traslochi Milano ha aiutato centinaia di clienti a trasferirsi senza stress, grazie a un servizio personalizzato che garantisce risultati eccellenti. Ogni trasloco \u00e8 gestito con attenzione, assicurando che tutto sia pronto nei tempi previsti.<\/p><\/div>\n\n\n\n<div class=\"wp-block-uagb-advanced-heading uagb-block-13a18c1f\"><p class=\"uagb-heading-text\">La nostra esperienza nel settore dei traslochi, sgomberi e pulizie professionali ci consente di offrire soluzioni complete e dedicate a clienti residenziali e aziendali.<\/p><\/div>\n<\/div>\n<\/div><\/div>\n\n\n\n<div class=\"wp-block-uagb-container uagb-layout-grid uagb-block-36c5bb1c alignfull uagb-is-root-container\"><div class=\"uagb-container-inner-blocks-wrap\">\n<div class=\"wp-block-uagb-counter uagb-block-8c893967 wp-block-uagb-counter--number\"><div class=\"wp-block-uagb-counter__number\"><span class=\"uagb-counter-block-number\" data-duration=\"1.5\" data-to-value=\"10\" data-from-value=\"0\" data-delimiter=\",\"><\/span><span class=\"uagb-counter-block-suffix\">+<\/span><\/div><div class=\"wp-block-uagb-counter__title\">Anni di esperienza<\/div><\/div>\n\n\n\n<div class=\"wp-block-uagb-counter uagb-block-353d6bb5 wp-block-uagb-counter--number\"><div class=\"wp-block-uagb-counter__number\"><span class=\"uagb-counter-block-number\" data-duration=\"1.5\" data-to-value=\"98\" data-from-value=\"0\" data-delimiter=\",\"><\/span><span class=\"uagb-counter-block-suffix\">%<\/span><\/div><div class=\"wp-block-uagb-counter__title\">Tasso di soddisfazione dei clienti<\/div><\/div>\n\n\n\n<div class=\"wp-block-uagb-counter uagb-block-c70df233 wp-block-uagb-counter--number\"><div class=\"wp-block-uagb-counter__number\"><span class=\"uagb-counter-block-number\" data-duration=\"1.5\" data-to-value=\"10\" data-from-value=\"0\" data-delimiter=\",\"><\/span><span class=\"uagb-counter-block-suffix\">K+<\/span><\/div><div class=\"wp-block-uagb-counter__title\">Foto consegnate<\/div><\/div>\n\n\n\n<div class=\"wp-block-uagb-counter uagb-block-3cb71ca1 wp-block-uagb-counter--number\"><div class=\"wp-block-uagb-counter__number\"><span class=\"uagb-counter-block-number\" data-duration=\"1.5\" data-to-value=\"200\" data-from-value=\"0\" data-delimiter=\",\"><\/span><span class=\"uagb-counter-block-suffix\">+<\/span><\/div><div class=\"wp-block-uagb-counter__title\">Progetti completati<\/div><\/div>\n<\/div><\/div>\n\n\n\n<div class=\"wp-block-uagb-container uagb-block-3dae0e57 alignfull uagb-is-root-container\"><div class=\"uagb-container-inner-blocks-wrap\">\n<div class=\"wp-block-uagb-container uagb-block-ce4cc14a\">\n<div class=\"wp-block-uagb-advanced-heading uagb-block-154c5798\"><div class=\"uagb-separator\"><\/div><h2 class=\"uagb-heading-text\">Un metodo dedicato e personalizzato per traslochi<\/h2><p class=\"uagb-desc-text\">Adottiamo un approccio meticoloso che combina pianificazione strategica e attenzione ai dettagli. Ogni cliente \u00e8 unico e merita un servizio su misura per garantire un&#8217;esperienza senza intoppi.<\/p><\/div>\n<\/div>\n<\/div><\/div>\n\n\n\n<div class=\"wp-block-uagb-container uagb-layout-grid uagb-block-3fc6065c alignfull uagb-is-root-container\"><div class=\"uagb-container-inner-blocks-wrap\">\n<div class=\"wp-block-uagb-container uagb-layout-grid uagb-block-6d87b1d8\">\n<div class=\"wp-block-uagb-advanced-heading uagb-block-dd967c23\"><div class=\"uagb-separator\"><\/div><h2 class=\"uagb-heading-text\">La nostra missione<\/h2><p class=\"uagb-desc-text\">La nostra missione \u00e8 fornire servizi di trasloco, sgombero e pulizia di alta qualit\u00e0, garantendo puntualit\u00e0, affidabilit\u00e0 e soddisfazione del cliente in ogni fase del processo.<\/p><\/div>\n\n\n\n<div class=\"wp-block-uagb-advanced-heading uagb-block-ebb7322d\"><div class=\"uagb-separator\"><\/div><h2 class=\"uagb-heading-text\">I nostri valori<\/h2><p class=\"uagb-desc-text\">I nostri valori<\/p><\/div>\n<\/div>\n\n\n\n<div class=\"wp-block-uagb-container uagb-block-7bf37b37\">\n<div class=\"wp-block-uagb-advanced-heading uagb-block-c0088c79\"><div class=\"uagb-separator\"><\/div><h2 class=\"uagb-heading-text\">Premi e riconoscimenti<\/h2><\/div>\n\n\n\n<div class=\"wp-block-uagb-container uagb-layout-grid uagb-block-3835f9a5\">\n<div class=\"wp-block-uagb-advanced-heading uagb-block-46a2a388\"><p class=\"uagb-heading-text\">Gennaio 2014<\/p><\/div>\n\n\n\n<div class=\"wp-block-uagb-advanced-heading uagb-block-3d147aaa\"><p class=\"uagb-heading-text\">Servizio Eccellente 2022<\/p><\/div>\n<\/div>\n\n\n\n<div class=\"wp-block-uagb-container uagb-layout-grid uagb-block-9793605d\">\n<div class=\"wp-block-uagb-advanced-heading uagb-block-3a39304c\"><p class=\"uagb-heading-text\">Maggio 2016<\/p><\/div>\n\n\n\n<div class=\"wp-block-uagb-advanced-heading uagb-block-ccefb70f\"><p class=\"uagb-heading-text\">Leader nel Settore 2023<\/p><\/div>\n<\/div>\n\n\n\n<div class=\"wp-block-uagb-container uagb-layout-grid uagb-block-3aef4ecc\">\n<div class=\"wp-block-uagb-advanced-heading uagb-block-f9f1523d\"><p class=\"uagb-heading-text\">Aprile 2018<\/p><\/div>\n\n\n\n<div class=\"wp-block-uagb-advanced-heading uagb-block-e07651e0\"><p class=\"uagb-heading-text\">Scelta del Pubblico 2021<\/p><\/div>\n<\/div>\n\n\n\n<div class=\"wp-block-uagb-container uagb-layout-grid uagb-block-07505978\">\n<div class=\"wp-block-uagb-advanced-heading uagb-block-66e7741b\"><p class=\"uagb-heading-text\">Ottobre 2020<\/p><\/div>\n\n\n\n<div class=\"wp-block-uagb-advanced-heading uagb-block-683299e2\"><p class=\"uagb-heading-text\">Innovazione nei Traslochi 2020<\/p><\/div>\n<\/div>\n<\/div>\n<\/div><\/div>\n\n\n\n<div class=\"wp-block-uagb-container uagb-block-d2e1d275 alignfull uagb-is-root-container\"><div class=\"uagb-container-inner-blocks-wrap\">\n<div class=\"wp-block-uagb-container uagb-block-e8ef37ca\">\n<div class=\"wp-block-uagb-advanced-heading uagb-block-67fd161b\"><div class=\"uagb-separator\"><\/div><h2 class=\"uagb-heading-text\">La nostra storia: esperienza e dedizione nel trasloco<\/h2><p class=\"uagb-desc-text\">Traslochi Milano \u00e8 nata dalla passione per il lavoro ben fatto. Con anni di esperienza, abbiamo costruito una reputazione solida, offrendo servizi di alta qualit\u00e0 per soddisfare le esigenze di ogni cliente. La nostra storia \u00e8 fatta di successi e impegno costante.<\/p><\/div>\n<\/div>\n\n\n\n<div class=\"wp-block-uagb-container uagb-layout-flex uagb-block-ceed241c\">\n<div class=\"wp-block-uagb-image aligncenter uagb-block-5476b64a wp-block-uagb-image--layout-default wp-block-uagb-image--effect-static wp-block-uagb-image--align-center\"><figure class=\"wp-block-uagb-image__figure\"><img loading=\"lazy\" decoding=\"async\" srcset=\"https:\/\/solelunabeautycenter.it\/wordpress\/wp-content\/uploads\/2025\/10\/pexels-photo-20706507.jpeg ,https:\/\/solelunabeautycenter.it\/wordpress\/wp-content\/uploads\/2025\/10\/pexels-photo-20706507.jpeg 780w, https:\/\/solelunabeautycenter.it\/wordpress\/wp-content\/uploads\/2025\/10\/pexels-photo-20706507.jpeg 360w\" sizes=\"auto, (max-width: 480px) 150px\" src=\"https:\/\/solelunabeautycenter.it\/wordpress\/wp-content\/uploads\/2025\/10\/pexels-photo-20706507.jpeg\" alt=\"Two movers on city streets with boxes, showcasing urban moving services in daylight.\" class=\"uag-image-12\" width=\"300\" height=\"300\" title=\"our-story-01\" loading=\"lazy\" role=\"img\"\/><\/figure><\/div>\n<\/div>\n<\/div><\/div>\n\n\n\n<div class=\"wp-block-uagb-container uagb-block-8f371383 alignfull uagb-is-root-container\"><div class=\"uagb-container-inner-blocks-wrap\">\n<div class=\"wp-block-uagb-info-box uagb-block-eb02ae2d uagb-infobox__content-wrap  uagb-infobox-icon-above-title uagb-infobox-image-valign-top wp-block-uagb-info-box--has-margin\"><div class=\"uagb-infobox-margin-wrapper\"><div class=\"uagb-ifb-content\"><div class=\"uagb-ifb-separator\"><\/div><div class=\"uagb-ifb-title-wrap\"><h2 class=\"uagb-ifb-title\">Contattaci per Maggiori Informazioni<\/h2><\/div><p class=\"uagb-ifb-desc\">Siamo qui per aiutarti in ogni fase del tuo trasloco. Non esitare a contattarci per qualsiasi domanda o richiesta di servizio.<\/p><div class=\"uagb-ifb-button-wrapper wp-block-button\"><a href=\"\/about\" class=\"uagb-infobox-cta-link wp-block-button__link\" target=\"_self\" rel=\"noopener noreferrer\" onclick=\"return true;\"><span class=\"uagb-inline-editing\">Richiedi un Preventivo<\/span><\/a><\/div><\/div><\/div><\/div>\n<\/div><\/div>\n","protected":false},"excerpt":{"rendered":"<p>Chi Siamo Affidabilit\u00e0 e professionalit\u00e0 nei traslochi Traslochi Milano ha aiutato centinaia di clienti a trasferirsi senza stress, grazie a [&hellip;]<\/p>\n","protected":false},"author":1,"featured_media":0,"parent":0,"menu_order":0,"comment_status":"closed","ping_status":"closed","template":"","meta":{"_uag_custom_page_level_css":"","site-sidebar-layout":"default","site-content-layout":"","ast-site-content-layout":"default","site-content-style":"default","site-sidebar-style":"default","ast-global-header-display":"","ast-banner-title-visibility":"","ast-main-header-display":"","ast-hfb-above-header-display":"","ast-hfb-below-header-display":"","ast-hfb-mobile-header-display":"","site-post-title":"disabled","ast-breadcrumbs-content":"","ast-featured-img":"","footer-sml-layout":"","theme-transparent-header-meta":"enabled","adv-header-id-meta":"","stick-header-meta":"","header-above-stick-meta":"","header-main-stick-meta":"","header-below-stick-meta":"","astra-migrate-meta-layouts":"default","ast-page-background-enabled":"default","ast-page-background-meta":{"desktop":{"background-color":"var(--ast-global-color-4)","background-image":"","background-repeat":"repeat","background-position":"center center","background-size":"auto","background-attachment":"scroll","background-type":"","background-media":"","overlay-type":"","overlay-color":"","overlay-opacity":"","overlay-gradient":""},"tablet":{"background-color":"","background-image":"","background-repeat":"repeat","background-position":"center center","background-size":"auto","background-attachment":"scroll","background-type":"","background-media":"","overlay-type":"","overlay-color":"","overlay-opacity":"","overlay-gradient":""},"mobile":{"background-color":"","background-image":"","background-repeat":"repeat","background-position":"center center","background-size":"auto","background-attachment":"scroll","background-type":"","background-media":"","overlay-type":"","overlay-color":"","overlay-opacity":"","overlay-gradient":""}},"ast-content-background-meta":{"desktop":{"background-color":"var(--ast-global-color-5)","background-image":"","background-repeat":"repeat","background-position":"center center","background-size":"auto","background-attachment":"scroll","background-type":"","background-media":"","overlay-type":"","overlay-color":"","overlay-opacity":"","overlay-gradient":""},"tablet":{"background-color":"var(--ast-global-color-5)","background-image":"","background-repeat":"repeat","background-position":"center center","background-size":"auto","background-attachment":"scroll","background-type":"","background-media":"","overlay-type":"","overlay-color":"","overlay-opacity":"","overlay-gradient":""},"mobile":{"background-color":"var(--ast-global-color-5)","background-image":"","background-repeat":"repeat","background-position":"center center","background-size":"auto","background-attachment":"scroll","background-type":"","background-media":"","overlay-type":"","overlay-color":"","overlay-opacity":"","overlay-gradient":""}},"footnotes":""},"class_list":["post-859","page","type-page","status-publish","hentry"],"uagb_featured_image_src":{"full":false,"thumbnail":false,"medium":false,"medium_large":false,"large":false,"1536x1536":false,"2048x2048":false},"uagb_author_info":{"display_name":"admin","author_link":"https:\/\/solelunabeautycenter.it\/wordpress\/author\/admin_q39h3zfc\/"},"uagb_comment_info":0,"uagb_excerpt":"Chi Siamo Affidabilit\u00e0 e professionalit\u00e0 nei traslochi Traslochi Milano ha aiutato centinaia di clienti a trasferirsi senza stress, grazie a [&hellip;]","_links":{"self":[{"href":"https:\/\/solelunabeautycenter.it\/wordpress\/wp-json\/wp\/v2\/pages\/859","targetHints":{"allow":["GET"]}}],"collection":[{"href":"https:\/\/solelunabeautycenter.it\/wordpress\/wp-json\/wp\/v2\/pages"}],"about":[{"href":"https:\/\/solelunabeautycenter.it\/wordpress\/wp-json\/wp\/v2\/types\/page"}],"author":[{"embeddable":true,"href":"https:\/\/solelunabeautycenter.it\/wordpress\/wp-json\/wp\/v2\/users\/1"}],"replies":[{"embeddable":true,"href":"https:\/\/solelunabeautycenter.it\/wordpress\/wp-json\/wp\/v2\/comments?post=859"}],"version-history":[{"count":3,"href":"https:\/\/solelunabeautycenter.it\/wordpress\/wp-json\/wp\/v2\/pages\/859\/revisions"}],"predecessor-version":[{"id":1174,"href":"https:\/\/solelunabeautycenter.it\/wordpress\/wp-json\/wp\/v2\/pages\/859\/revisions\/1174"}],"wp:attachment":[{"href":"https:\/\/solelunabeautycenter.it\/wordpress\/wp-json\/wp\/v2\/media?parent=859"}],"curies":[{"name":"wp","href":"https:\/\/api.w.org\/{rel}","templated":true}]}}